c(1) is divided by m.
71
Let n be 9*-103*(10 + (-196)/21). Let b = n + 658. Calculate the remainder when (21/2 + -1)*8 is divided by b.
36
Let g = 4070 + -2884. Calculate the remainder when g is divided by 42.
10
Let k = 19086 - 18825. What is the remainder when 810 is divided by k?
27
Suppose 0*u + 2*t = u - 6, -3*t = -u + 6. Suppose 3*x - u = x. Let n(f) = -393*f**2 + 2359*f. Calculate the remainder when n(6) is divided by x.
0
Let v(j) = 2*j**2 - 6*j + 4. Let f = -23 + 35. Let h = 34 - f. What is the remainder when h is divided by v(4)?
10
Suppose 33*v = 196 + 167. What is the remainder when 1792 is divided by v?
10
Suppose 2*g = 7 + 11. Let l be ((-114)/(-95))/(3*2/90). Suppose -l = -r + 4*p, -4*r - 12*p + 140 = -11*p. What is the remainder when r is divided by g?
7
Let k(x) = x - 9. Let g be k(5). Let f be (18/g)/((-8)/16). Let a(q) = q**3 - 11*q**2 + 19*q + 15. Calculate the remainder when 47 is divided by a(f).
23
Let j(i) = i**2 + 4*i - 5. Let k be 3 + -1 + (-3 - (-4 + -7)). Suppose -6*n = -8 - k. What is the remainder when 92 is divided by j(n)?
12
Suppose 5*y - 10 = 0, y + 107 - 22 = 3*m. Let h = 28 - 23. Calculate the remainder when 686/6 + h/(-15) is divided by m.
27
Let p(g) = -10 + 5 - g + 5. Let y be p(0). What is the remainder when 83 is divided by 15/1 + (y - 1)?
13
Let p be 7/4 + 2/8. Suppose -z + 94 = -5*n + 2*z, 5*n + 91 = p*z. Let m = n - -28. Calculate the remainder when 63 is divided by m.
8
Let m(v) = -v**3 - 4*v - 7. Let l be m(5). Let p be (3 + 1)*l/(-32). Suppose -p*h + 16*h = -24. What is the remainder when h is divided by 3?
2
Let v(w) = -41*w + 916. What is the remainder when 140 is divided by v(20)?
44
Suppose 3*d = -4*f - d + 36, 0 = -2*d - 8. Let a be (-6)/(-4) + 9/6. Let i(h) = h**2 - h - 1. What is the remainder when f is divided by i(a)?
3
Suppose 4*s = -4*x + 784, -35*x + 819 = 4*s - 36*x. Calculate the remainder when s is divided by 102.
101
Suppose 5*d + 5*j + 57 = j, 2*d - 5*j + 3 = 0. Let r(k) = k**3 + 9*k**2 - 9*k - 8. Let b be r(d). Calculate the remainder when 43 is divided by 6/15 + b/5.
13
Suppose -6*q = -3*q - 6. Suppose 0 = -q*t - 28 + 66. Suppose 5*j = 56 + t. Calculate the remainder when j is divided by 8.
7
Let f(u) = 20*u + 9. Let z be f(16). Suppose -7 = -16*i + z. What is the remainder when i is divided by 11?
10
Let o(b) = -26*b - 642. What is the remainder when 839 is divided by o(-28)?
65
Let h = 2538 + -2383. What is the remainder when 880 is divided by h?
105
Suppose 212*k - 207*k = 35. Suppose k*v - 297 - 487 = 0. What is the remainder when 1341 is divided by v?
109
Suppose -38*i + 2607 = -5*i. Let s(w) = -w**3 - 3*w**2 + 8*w + 8. Calculate the remainder when i is divided by s(-6).
11
Suppose 5*m = -2*w + 3 - 5, 20 = 3*w - 4*m. Suppose 0 = -w*d - 16, 1110 - 118 = 3*z - 2*d. What is the remainder when z is divided by 47?
46
Let n = -483 + 260. Calculate the remainder when (-1)/5 + 2676/30 is divided by (-4)/(-30) - n/15.
14
Let b = -679 - -962. Let w = b + -228. Calculate the remainder when w is divided by 28.
27
Let f(l) = -l**3 + 27*l**2 + 29*l + 7. Suppose 4*m - m - 5*r = 13, 2 = -4*m - 3*r. What is the remainder when f(28) is divided by m/(2/36*1)?
17
Suppose 2*v - 3*p + 59 = 0, -p - 81 = 3*v - 4*p. Let k = -13 - v. Calculate the remainder when 30/(54/9) - -57 is divided by k.
8
Suppose -56*q + 61*q = s + 570, s = 2*q - 231. What is the remainder when 562 is divided by q?
110
Let c(h) = -h**2 + 289 + 5*h + 2*h**2 - 4*h**2 + 2*h**2. Calculate the remainder when c(0) is divided by 14.
9
Let l = 134 - 228. Let b = l + 96. Let s = 8 - 2. Calculate the remainder when s is divided by b.
0
Let q = 79 - 49. Let w = -836 + 986. Suppose q = -10*j + w. Calculate the remainder when j is divided by 7.
5
Let m be -122 + (1 + -2 - -3). Calculate the remainder when (m/(-42))/(6/21) is divided by 3.
1
Let f(n) = -n**3 + 7*n**2 + 2*n - 33. Let r = -25 + 32. Suppose 3*p - 3*t - 11 = r, 3*p + t = 26. What is the remainder when f(5) is divided by p?
3
Let b = 426 + -422. Suppose -b*j + j + 3*h + 987 = 0, 693 = 2*j + 5*h. What is the remainder when j is divided by 14?
12
Suppose c - 401 = -5*h + 606, 14*h + 5*c - 2813 = 0. Calculate the remainder when h is divided by (24/2)/(-2 - -3).
10
Let z = 13533 - 8944. What is the remainder when z is divided by 73?
63
Suppose 6*f - 372 = 2418. Calculate the remainder when f is divided by 85.
40
Let r(p) = p**3 - 18*p**2 + 2*p - 3. Suppose 14*d - 18*d = -4*c + 68, 3*c - 52 = 2*d. Calculate the remainder when 114 is divided by r(c).
15
Let t(z) = 5*z**2 - 18. Let y be t(3). Suppose y = 3*g - 15. What is the remainder when 105 is divided by g?
7
Let c = -1736 - -1764. Calculate the remainder when 752 is divided by c.
24
Suppose -75*w = -44*w - 1519. Calculate the remainder when 2884 is divided by w.
42
Let r(n) = -3*n - 129. Let p be r(-43). Suppose 47 = q + k, p*k - 143 = -3*q - 2*k. What is the remainder when q is divided by 12?
1
Let j(h) = -h**3 + 43*h**2 + 40*h - 193. What is the remainder when j(43) is divided by 139?
137
Let j = -80923 - -80945. Calculate the remainder when (-104)/(-1) + -2 - 1 is divided by j.
13
Let q(v) = 748*v + 2636. What is the remainder when q(0) is divided by 16?
12
Let j = -126 + 129. Suppose -j*g + p = -35 - 21, 4*p = 5*g - 98. Calculate the remainder when 67 - (12/(-4) - -4) is divided by g.
12
Suppose 3*c + 1209 = 4*g, -226*g + 225*g - 2*c + 327 = 0. What is the remainder when 1262 is divided by g?
26
Let q = 36 - -2. Suppose -q - 24 = -t. Suppose -105 = -5*w - 5*u + 4*u, u - 231 = -11*w. What is the remainder when t is divided by w?
20
Let x(m) = -235*m + 52441. Let g(c) = -c**3 + 10*c**2 + 3*c + 11. What is the remainder when g(9) is divided by x(223)?
11
Let m(p) = -p**3 + 32*p**2 - 104*p - 68. Calculate the remainder when m(28) is divided by 43.
27
Let h(c) = -17*c + 5*c + 1318 - 1136. What is the remainder when 517 is divided by h(13)?
23
Let a = 19531 - 19497. What is the remainder when 1381 is divided by a?
21
Suppose -4*i + 27 = 2*a + a, i - 4*a + 17 = 0. Suppose 42 = i*q - 5*m, 0*q - q - 2*m + 3 = 0. What is the remainder when q is divided by 3?
0
Let c = -4933 - -5537. Calculate the remainder when c is divided by 41.
30
Suppose -271*j = -202*j - 12558. What is the remainder when 4362 is divided by j?
176
Let c = -10246 + 10275. Calculate the remainder when c is divided by 19.
10
Let c = -152 + 156. Suppose -c*z + 70 - 22 = -2*q, 2*z - 24 = -4*q. What is the remainder when 59 is divided by z?
11
Let k(o) = -o**3 - 47*o**2 - 488*o + 327. What is the remainder when 4749 is divided by k(-31)?
9
Let a be 1394/(-10) - 10/(-25). Let l = a + 156. Calculate the remainder when 50 is divided by l.
16
Let p = 215 + -17. Suppose -2*q = 6, -4*o = -o - 5*q - p. What is the remainder when o is divided by 11?
6
Let b = 32 - 16. Suppose 2*t - 1132 = -5*k, -4*k + 910 = -84*t + 86*t. What is the remainder when k is divided by b?
14
Suppose -2*z = -2*s - 90, 0 = -z + 3*z + s - 90. Let l = 336 - 242. Calculate the remainder when l is divided by z.
4
Let u be (-14)/(-91) - 1036/(-26). Let t = -33 + u. Let s = t - -12. Calculate the remainder when 70 is divided by s.
13
Suppose 4*q + 4*w = -14 + 2, -3*w - 7 = 4*q. Suppose q*f + 265 = 7*f. Let t = -4383 - -4390. What is the remainder when f is divided by t?
4
Let c be 5/(-10) + 30/4. Suppose -4 = v - c, -k + 4*v - 1 = 0. Calculate the remainder when 3/(-2)*1*-12 is divided by k.
7
Let w(f) = f**3 - 5*f**2 + 6*f + 1. Let s be w(6). Suppose -5*p + s = -4*p. What is the remainder when p is divided by (52 - 51)*(20 + -1)?
16
Let p(v) be the third derivative of v**4 - 37*v**3/3 - 133*v**2. Calculate the remainder when ((-6)/(-8))/((-2)/(-520)) is divided by p(4).
19
Suppose 0*n = 3*n - 4*z - 158, -z = -5*n + 269. Suppose -2*g - 13*d + n = -16*d, 0 = 5*d. What is the remainder when 159 is divided by g?
24
Suppose 59 = 2*b + 55. Suppose 4*d - 73 = c, -2*d + b*c + 7 + 31 = 0. What is the remainder when 68 is divided by d?
14
Suppose t + 2*t - 694 = -4*g, 4*t - 5*g = 946. Let d = t + -82. What is the remainder when d is divided by 12?
8
Suppose 4*w + 2 - 22 = 0. Suppose -4*f = w*f + 72. What is the remainder when 97 is divided by f/(-12) + 73/3?
22
Suppose 3*k + 22 = s, 4*k + 3*s + 14 = 3*k. Let p b